vided by 686?
531
Calculate the remainder when 3907 is divided by 240.
67
What is the remainder when 1113820 is divided by 143?
136
What is the remainder when 3895 is divided by 1192?
319
Calculate the remainder when 76860 is divided by 630.
0
Calculate the remainder when 1161 is divided by 517.
127
What is the remainder when 5122 is divided by 2266?
590
Calculate the remainder when 52800 is divided by 6599.
8
What is the remainder when 2085 is divided by 32?
5
What is the remainder when 10061 is divided by 1668?
53
What is the remainder when 1229249 is divided by 21?
14
What is the remainder when 17135 is divided by 42?
41
Calculate the remainder when 8442 is divided by 8441.
1
What is the remainder when 11551 is divided by 964?
947
What is the remainder when 34116 is divided by 945?
96
Calculate the remainder when 395 is divided by 96.
11
What is the remainder when 4774 is divided by 162?
76
Calculate the remainder when 13846 is divided by 165.
151
Calculate the remainder when 1049783 is divided by 1049778.
5
What is the remainder when 1300 is divided by 417?
49
What is the remainder when 43322 is divided by 100?
22
Calculate the remainder when 45578 is divided by 6.
2
Calculate the remainder when 67945 is divided by 22633.
46
Calculate the remainder when 22875 is divided by 22812.
63
What is the remainder when 832755 is divided by 317?
313
What is the remainder when 17178 is divided by 179?
173
Calculate the remainder when 2866 is divided by 19.
16
What is the remainder when 3659 is divided by 275?
84
Calculate the remainder when 385578 is divided by 147.
144
Calculate the remainder when 1618 is divided by 5.
3
What is the remainder when 6822 is divided by 360?
342
What is the remainder when 1119 is divided by 282?
273
Calculate the remainder when 45754 is divided by 22867.
20
Calculate the remainder when 9290 is divided by 655.
120
Calculate the remainder when 183599 is divided by 450.
449
What is the remainder when 6183 is divided by 1716?
1035
Calculate the remainder when 373658 is divided by 17.
15
Calculate the remainder when 43981 is divided by 333.
25
What is the remainder when 4540 is divided by 117?
94
Calculate the remainder when 4268 is divided by 234.
56
Calculate the remainder when 7558 is divided by 1218.
250
Calculate the remainder when 9242 is divided by 23.
19
What is the remainder when 27487 is divided by 47?
39
Calculate the remainder when 7136 is divided by 7091.
45
Calculate the remainder when 13364 is divided by 433.
374
Calculate the remainder when 6492658 is divided by 53.
52
Calculate the remainder when 140830 is divided by 7.
4
What is the remainder when 13530 is divided by 315?
300
Calculate the remainder when 1614599 is divided by 598.
597
What is the remainder when 3574 is divided by 3481?
93
Calculate the remainder when 48625 is divided by 106.
77
What is the remainder when 314674 is divided by 31467?
4
What is the remainder when 1854 is divided by 985?
869
Calculate the remainder when 18954 is divided by 1554.
306
Calculate the remainder when 23134 is divided by 16.
14
What is the remainder when 21126 is divided by 63?
21
What is the remainder when 4724 is divided by 22?
16
Calculate the remainder when 1376558 is divided by 96.
14
Calculate the remainder when 25680 is divided by 12337.
1006
Calculate the remainder when 3182 is divided by 697.
394
What is the remainder when 427722 is divided by 38883?
9
Calculate the remainder when 549964 is divided by 92.
80
Calculate the remainder when 273508 is divided by 43.
28
Calculate the remainder when 3528 is divided by 61.
51
What is the remainder when 3078 is divided by 184?
134
What is the remainder when 22515 is divided by 2811?
27
Calculate the remainder when 182315 is divided by 19.
10
What is the remainder when 4059 is divided by 230?
149
What is the remainder when 21878 is divided by 117?
116
What is the remainder when 42536 is divided by 967?
955
Calculate the remainder when 13787 is divided by 3181.
1063
What is the remainder when 22519 is divided by 97?
15
What is the remainder when 22934 is divided by 241?
39
Calculate the remainder when 12011 is divided by 167.
154
What is the remainder when 135466 is divided by 636?
634
Calculate the remainder when 5113 is divided by 68.
13
What is the remainder when 53295 is divided by 289?
119
What is the remainder when 88981 is divided by 41?
11
Calculate the remainder when 4852 is divided by 205.
137
What is the remainder when 2258 is divided by 1441?
817
Calculate the remainder when 629 is divided by 243.
143
Calculate the remainder when 289010 is divided by 794.
788
Calculate the remainder when 185051 is divided by 65.
61
Calculate the remainder when 1407 is divided by 128.
127
What is the remainder when 29666 is divided by 7414?
10
Calculate the remainder when 374005 is divided by 128.
117
Calculate the remainder when 72346 is divided by 612.
130
What is the remainder when 17345 is divided by 17320?
25
What is the remainder when 142507 is divided by 289?
30
Calculate the remainder when 185334 is divided by 37066.
4
What is the remainder when 42863 is divided by 33?
29
Calculate the remainder when 14852 is divided by 97.
11
What is the remainder when 63525 is divided by 335?
210
What is the remainder when 94722 is divided by 75?
72
What is the remainder when 48920 is divided by 29?
26
Calculate the remainder when 52550 is divided by 8756.
14
Calculate the remainder when 18386 is divided by 18361.
25
Calculate the remainder when 3511 is divided by 1601.
309
What is the remainder when 30289 is divided by 61?
33
Calculate the remainder when 128340 is divided by 797.
23
What is the remainder when 169566 is divided by 12?
6
What is the remainder when 32087 is divided by 10693?
8
What is the remainder when 1719 is divided by 1641?
78
Calculate the remainder when 656 is divided by 182.
110
Calculate the remainder when 3800411 is divided by 77.
76
What is the remainder when 1530 is divided by 23?
12
Calculate the remainder when 588331 is divided by 455.
16
What is the remainder when 13898 is divided by 262?
12
What is the remainder when 5584940 is divided by 34?
32
What is the remainder when 10030 is divided by 2380?
510
What is the remainder when 28735 is divided by 7050?
535
Calculate the remainder when 99733 is divided by 302.
73
What is the remainder when 48505 is divided by 6057?
49
Calculate the remainder when 49205 is divided by 4915.
55
Calculate the remainder when 7583 is divided by 7446.
137
What is the remainder when 1180 is divided by 298?
286
What is the remainder when 84907 is divided by 21198?
115
Calculate the remainder when 255989 is divided by 69.
68
What is the remainder when 1356 is divided by 671?
14
Calculate the remainder when 8339 is divided by 2463.
950
What is the remainder when 36308 is divided by 6?
2
What is the remainder when 42239 is divided by 3838?
21
Calculate the remainder when 21066 is divided by 702.
6
What is the remainder when 136638 is divided by 560?
558
Calculate the remainder when 2376 is divided by 438.
186
Calculate the remainder when 6162 is divided by 1229.
17
Calculate the remainder when 160430 is divided by 181.
64
What is the remainder when 133814 is divided by 389?
387
What is the remainder when 8506 is divided by 28?
22
Calculate the remainder when 233697 is divided by 59.
57
Calculate the remainder when 351750 is divided by 377.
9
Calculate the remainder when 8654 is divided by 148.
70
What is the remainder when 10760 is divided by 567?
554
What is the remainder when 397 is divided by 175?
47
What is the remainder when 1071143 is divided by 75?
68
What is the remainder when 151005 is divided by 26?
23
Calculate the remainder when 22192 is divided by 584.
0
What is the remainder when 204986 is divided by 29?
14
What is the remainder when 5125 is divided by 27?
22
What is the remainder when 377206 is divided by 507?
505
Calculate the remainder when 439 is divided by 14.
5
What is the remainder when 283248 is divided by 336?
0
Calculate the remainder when 41614 is divided by 2080.
14
What is the remainder when 31366 is divided by 275?
16
What is the remainder when 2266 is divided by 39?
4
What is the remainder when 62995 is divided by 210?
205
Calculate the remainder wh